{"id":32164,"date":"2024-12-12T13:53:08","date_gmt":"2024-12-12T16:53:08","guid":{"rendered":"https:\/\/www.aurum.com.br\/blog\/lgpd-comentada\/art-42-a-45-lgpd\/"},"modified":"2025-05-20T15:09:33","modified_gmt":"2025-05-20T18:09:33","slug":"art-42-a-45-lgpd","status":"publish","type":"lgpd-comentada","link":"https:\/\/www.aurum.com.br\/blog\/lgpd-comentada\/art-42-a-45-lgpd\/","title":{"rendered":"Se\u00e7\u00e3o III &#8211; Da Responsabilidade E Do Ressarcimento De Danos"},"content":{"rendered":"<style>\n    .comment-block {\n        position: relative;\n    }\n    .comment-block .anchor-target {\n        position: absolute;\n        top: -200px;\n    }\n    .comment-block {\n        margin-bottom: 40px;\n    }\n    .comment-block .comment-block-title {\n        flex-wrap: wrap;\n        font-size: 20px;\n        font-weight: 600;\n        line-height: 130%;\n        color: #1c1e2f;\n        margin-bottom: 24px;\n    }\n\n    .comment-block .comment-block-title:last-child {\n        margin-bottom: 64px;\n    }\n\n    .comment-block h3 {\n        font-size: 24px;\n        font-weight: 600;\n        line-height: 120%;\n    }\n\n    .comment-block h4 {\n        font-size: 20px;\n        font-weight: 600;\n        line-height: 120%;\n    }\n\n    .article-box {\n        padding: 24px;\n        border-radius: 8px;\n        border: 1px solid #cbcbd9;\n        margin-bottom: 24px;\n    }\n\n    .article-box:last-child  {\n        margin-bottom: 0;\n    }\n\n    .article-box .article {\n        font-size: 16px;\n        font-weight: 400;\n        line-height: 150%;\n        margin-bottom: 16px;\n    }\n\n    .article-box .article p {\n        margin-bottom: 1em;\n    }\n\n    .article-box .article p:last-child {\n        margin-bottom: 0;\n    }\n\n    .article-box .article:last-child {\n        margin-bottom: 0;\n    }\n\n    .article-box .comment {\n        padding: 24px;\n        background-color: #f6f6fa;\n        font-size: 16px;\n        font-weight: 400;\n        line-height: 150%;\n        border-radius: 8px;\n    }\n\n    .article-box .comment p {\n        margin: 0;\n    }\n\n    .article-box .comment ol {\n        list-style: auto;\n        list-style-position: inside;\n    }\n\n    @media (max-width: 1199px) {\n        .comment-block .comment-block-title {\n            font-size: 16px;\n        }\n\n        .comment-block .comment-block-title h2 {\n            margin-right: 5px;\n        }\n\n        .comment-block h3 {\n            font-size: 20px;\n        }\n        .comment-block h4 {\n            font-size: 18px;\n        }\n    }\n<\/style>\n\n<div class=\"comment-block cp-block\">\n    <!-- Chama a ancora e\/ou titulo se houver -->\n        \n    <!-- Bloco de comentario -->\n            <div class=\"article-box\">\n            <div class=\"article\"><p><strong>Art. 42.<\/strong> O controlador ou o operador que, em raz\u00e3o do exerc\u00edcio de atividade de tratamento de dados pessoais, causar a outrem dano patrimonial, moral, individual ou coletivo, em viola\u00e7\u00e3o \u00e0 legisla\u00e7\u00e3o de prote\u00e7\u00e3o de dados pessoais, \u00e9 obrigado a repar\u00e1-lo.<\/p>\n<p>\u00a7 1\u00ba A fim de assegurar a efetiva indeniza\u00e7\u00e3o ao titular dos dados:<\/p>\n<p>I &#8211; o operador responde solidariamente pelos danos causados pelo tratamento quando descumprir as obriga\u00e7\u00f5es da legisla\u00e7\u00e3o de prote\u00e7\u00e3o de dados ou quando n\u00e3o tiver seguido as instru\u00e7\u00f5es l\u00edcitas do controlador, hip\u00f3tese em que o operador equipara-se ao controlador, salvo nos casos de exclus\u00e3o previstos no art. 43 desta Lei;<br \/>\nII &#8211; os controladores que estiverem diretamente envolvidos no tratamento do qual decorreram danos ao titular dos dados respondem solidariamente, salvo nos casos de exclus\u00e3o previstos no art. 43 desta Lei.<\/p>\n<p>\u00a7 2\u00ba O juiz, no processo civil, poder\u00e1 inverter o \u00f4nus da prova a favor do titular dos dados quando, a seu ju\u00edzo, for veross\u00edmil a alega\u00e7\u00e3o, houver hipossufici\u00eancia para fins de produ\u00e7\u00e3o de prova ou quando a produ\u00e7\u00e3o de prova pelo titular resultar-lhe excessivamente onerosa.<\/p>\n<p>\u00a7 3\u00ba As a\u00e7\u00f5es de repara\u00e7\u00e3o por danos coletivos que tenham por objeto a responsabiliza\u00e7\u00e3o nos termos do caput deste artigo podem ser exercidas coletivamente em ju\u00edzo, observado o disposto na legisla\u00e7\u00e3o pertinente.<\/p>\n<p>\u00a7 4\u00ba Aquele que reparar o dano ao titular tem direito de regresso contra os demais respons\u00e1veis, na medida de sua participa\u00e7\u00e3o no evento danoso.<\/p>\n<\/div>\n                    <\/div>\n    <\/div>\n\n<style>\n    .comment-block {\n        position: relative;\n    }\n    .comment-block .anchor-target {\n        position: absolute;\n        top: -200px;\n    }\n    .comment-block {\n        margin-bottom: 40px;\n    }\n    .comment-block .comment-block-title {\n        flex-wrap: wrap;\n        font-size: 20px;\n        font-weight: 600;\n        line-height: 130%;\n        color: #1c1e2f;\n        margin-bottom: 24px;\n    }\n\n    .comment-block .comment-block-title:last-child {\n        margin-bottom: 64px;\n    }\n\n    .comment-block h3 {\n        font-size: 24px;\n        font-weight: 600;\n        line-height: 120%;\n    }\n\n    .comment-block h4 {\n        font-size: 20px;\n        font-weight: 600;\n        line-height: 120%;\n    }\n\n    .article-box {\n        padding: 24px;\n        border-radius: 8px;\n        border: 1px solid #cbcbd9;\n        margin-bottom: 24px;\n    }\n\n    .article-box:last-child  {\n        margin-bottom: 0;\n    }\n\n    .article-box .article {\n        font-size: 16px;\n        font-weight: 400;\n        line-height: 150%;\n        margin-bottom: 16px;\n    }\n\n    .article-box .article p {\n        margin-bottom: 1em;\n    }\n\n    .article-box .article p:last-child {\n        margin-bottom: 0;\n    }\n\n    .article-box .article:last-child {\n        margin-bottom: 0;\n    }\n\n    .article-box .comment {\n        padding: 24px;\n        background-color: #f6f6fa;\n        font-size: 16px;\n        font-weight: 400;\n        line-height: 150%;\n        border-radius: 8px;\n    }\n\n    .article-box .comment p {\n        margin: 0;\n    }\n\n    .article-box .comment ol {\n        list-style: auto;\n        list-style-position: inside;\n    }\n\n    @media (max-width: 1199px) {\n        .comment-block .comment-block-title {\n            font-size: 16px;\n        }\n\n        .comment-block .comment-block-title h2 {\n            margin-right: 5px;\n        }\n\n        .comment-block h3 {\n            font-size: 20px;\n        }\n        .comment-block h4 {\n            font-size: 18px;\n        }\n    }\n<\/style>\n\n<div class=\"comment-block cp-block\">\n    <!-- Chama a ancora e\/ou titulo se houver -->\n        \n    <!-- Bloco de comentario -->\n            <div class=\"article-box\">\n            <div class=\"article\"><p><strong>Art. 43.<\/strong> Os agentes de tratamento s\u00f3 n\u00e3o ser\u00e3o responsabilizados quando provarem:<\/p>\n<p>I &#8211; que n\u00e3o realizaram o tratamento de dados pessoais que lhes \u00e9 atribu\u00eddo;<br \/>\nII &#8211; que, embora tenham realizado o tratamento de dados pessoais que lhes \u00e9 atribu\u00eddo, n\u00e3o houve viola\u00e7\u00e3o \u00e0 legisla\u00e7\u00e3o de prote\u00e7\u00e3o de dados; ou<br \/>\nIII &#8211; que o dano \u00e9 decorrente de culpa exclusiva do titular dos dados ou de terceiro.<\/p>\n<\/div>\n                    <\/div>\n    <\/div>\n\n<style>\n    .comment-block {\n        position: relative;\n    }\n    .comment-block .anchor-target {\n        position: absolute;\n        top: -200px;\n    }\n    .comment-block {\n        margin-bottom: 40px;\n    }\n    .comment-block .comment-block-title {\n        flex-wrap: wrap;\n        font-size: 20px;\n        font-weight: 600;\n        line-height: 130%;\n        color: #1c1e2f;\n        margin-bottom: 24px;\n    }\n\n    .comment-block .comment-block-title:last-child {\n        margin-bottom: 64px;\n    }\n\n    .comment-block h3 {\n        font-size: 24px;\n        font-weight: 600;\n        line-height: 120%;\n    }\n\n    .comment-block h4 {\n        font-size: 20px;\n        font-weight: 600;\n        line-height: 120%;\n    }\n\n    .article-box {\n        padding: 24px;\n        border-radius: 8px;\n        border: 1px solid #cbcbd9;\n        margin-bottom: 24px;\n    }\n\n    .article-box:last-child  {\n        margin-bottom: 0;\n    }\n\n    .article-box .article {\n        font-size: 16px;\n        font-weight: 400;\n        line-height: 150%;\n        margin-bottom: 16px;\n    }\n\n    .article-box .article p {\n        margin-bottom: 1em;\n    }\n\n    .article-box .article p:last-child {\n        margin-bottom: 0;\n    }\n\n    .article-box .article:last-child {\n        margin-bottom: 0;\n    }\n\n    .article-box .comment {\n        padding: 24px;\n        background-color: #f6f6fa;\n        font-size: 16px;\n        font-weight: 400;\n        line-height: 150%;\n        border-radius: 8px;\n    }\n\n    .article-box .comment p {\n        margin: 0;\n    }\n\n    .article-box .comment ol {\n        list-style: auto;\n        list-style-position: inside;\n    }\n\n    @media (max-width: 1199px) {\n        .comment-block .comment-block-title {\n            font-size: 16px;\n        }\n\n        .comment-block .comment-block-title h2 {\n            margin-right: 5px;\n        }\n\n        .comment-block h3 {\n            font-size: 20px;\n        }\n        .comment-block h4 {\n            font-size: 18px;\n        }\n    }\n<\/style>\n\n<div class=\"comment-block cp-block\">\n    <!-- Chama a ancora e\/ou titulo se houver -->\n        \n    <!-- Bloco de comentario -->\n            <div class=\"article-box\">\n            <div class=\"article\"><p><strong>Art. 44.<\/strong> O tratamento de dados pessoais ser\u00e1 irregular quando deixar de observar a legisla\u00e7\u00e3o ou quando n\u00e3o fornecer a seguran\u00e7a que o titular dele pode esperar, consideradas as circunst\u00e2ncias relevantes, entre as quais:<\/p>\n<p>I &#8211; o modo pelo qual \u00e9 realizado;<br \/>\nII &#8211; o resultado e os riscos que razoavelmente dele se esperam;<br \/>\nIII &#8211; as t\u00e9cnicas de tratamento de dados pessoais dispon\u00edveis \u00e0 \u00e9poca em que foi realizado.<\/p>\n<p>Par\u00e1grafo \u00fanico. Responde pelos danos decorrentes da viola\u00e7\u00e3o da seguran\u00e7a dos dados o controlador ou o operador que, ao deixar de adotar as medidas de seguran\u00e7a previstas no art. 46 desta Lei, der causa ao dano.<\/p>\n<\/div>\n                    <\/div>\n    <\/div>\n\n<style>\n    .comment-block {\n        position: relative;\n    }\n    .comment-block .anchor-target {\n        position: absolute;\n        top: -200px;\n    }\n    .comment-block {\n        margin-bottom: 40px;\n    }\n    .comment-block .comment-block-title {\n        flex-wrap: wrap;\n        font-size: 20px;\n        font-weight: 600;\n        line-height: 130%;\n        color: #1c1e2f;\n        margin-bottom: 24px;\n    }\n\n    .comment-block .comment-block-title:last-child {\n        margin-bottom: 64px;\n    }\n\n    .comment-block h3 {\n        font-size: 24px;\n        font-weight: 600;\n        line-height: 120%;\n    }\n\n    .comment-block h4 {\n        font-size: 20px;\n        font-weight: 600;\n        line-height: 120%;\n    }\n\n    .article-box {\n        padding: 24px;\n        border-radius: 8px;\n        border: 1px solid #cbcbd9;\n        margin-bottom: 24px;\n    }\n\n    .article-box:last-child  {\n        margin-bottom: 0;\n    }\n\n    .article-box .article {\n        font-size: 16px;\n        font-weight: 400;\n        line-height: 150%;\n        margin-bottom: 16px;\n    }\n\n    .article-box .article p {\n        margin-bottom: 1em;\n    }\n\n    .article-box .article p:last-child {\n        margin-bottom: 0;\n    }\n\n    .article-box .article:last-child {\n        margin-bottom: 0;\n    }\n\n    .article-box .comment {\n        padding: 24px;\n        background-color: #f6f6fa;\n        font-size: 16px;\n        font-weight: 400;\n        line-height: 150%;\n        border-radius: 8px;\n    }\n\n    .article-box .comment p {\n        margin: 0;\n    }\n\n    .article-box .comment ol {\n        list-style: auto;\n        list-style-position: inside;\n    }\n\n    @media (max-width: 1199px) {\n        .comment-block .comment-block-title {\n            font-size: 16px;\n        }\n\n        .comment-block .comment-block-title h2 {\n            margin-right: 5px;\n        }\n\n        .comment-block h3 {\n            font-size: 20px;\n        }\n        .comment-block h4 {\n            font-size: 18px;\n        }\n    }\n<\/style>\n\n<div class=\"comment-block cp-block\">\n    <!-- Chama a ancora e\/ou titulo se houver -->\n        \n    <!-- Bloco de comentario -->\n            <div class=\"article-box\">\n            <div class=\"article\"><p><strong>Art. 45.<\/strong> As hip\u00f3teses de viola\u00e7\u00e3o do direito do titular no \u00e2mbito das rela\u00e7\u00f5es de consumo permanecem sujeitas \u00e0s regras de responsabilidade previstas na legisla\u00e7\u00e3o pertinente.<\/p>\n<\/div>\n                    <\/div>\n    <\/div>","protected":false},"excerpt":{"rendered":"","protected":false},"author":7,"featured_media":0,"comment_status":"open","ping_status":"open","template":"","cat-lgpd":[],"class_list":["post-32164","lgpd-comentada","type-lgpd-comentada","status-publish","hentry"],"acf":[],"_links":{"self":[{"href":"https:\/\/www.aurum.com.br\/blog\/wp-json\/wp\/v2\/lgpd-comentada\/32164","targetHints":{"allow":["GET"]}}],"collection":[{"href":"https:\/\/www.aurum.com.br\/blog\/wp-json\/wp\/v2\/lgpd-comentada"}],"about":[{"href":"https:\/\/www.aurum.com.br\/blog\/wp-json\/wp\/v2\/types\/lgpd-comentada"}],"author":[{"embeddable":true,"href":"https:\/\/www.aurum.com.br\/blog\/wp-json\/wp\/v2\/users\/7"}],"replies":[{"embeddable":true,"href":"https:\/\/www.aurum.com.br\/blog\/wp-json\/wp\/v2\/comments?post=32164"}],"wp:attachment":[{"href":"https:\/\/www.aurum.com.br\/blog\/wp-json\/wp\/v2\/media?parent=32164"}],"wp:term":[{"taxonomy":"cat-lgpd","embeddable":true,"href":"https:\/\/www.aurum.com.br\/blog\/wp-json\/wp\/v2\/cat-lgpd?post=32164"}],"curies":[{"name":"wp","href":"https:\/\/api.w.org\/{rel}","templated":true}]}}

Seção III &#8211; Da Responsabilidade E Do Ressarcimento De Danos

<style>
    .comment-block {
        position: relative;
    }
    .comment-block .anchor-target {
        position: absolute;
        top: -200px;
    }
    .comment-block {
        margin-bottom: 40px;
    }
    .comment-block .comment-block-title {
        flex-wrap: wrap;
        font-size: 20px;
        font-weight: 600;
        line-height: 130%;
        color: #1c1e2f;
        margin-bottom: 24px;
    }

    .comment-block .comment-block-title:last-child {
        margin-bottom: 64px;
    }

    .comment-block h3 {
        font-size: 24px;
        font-weight: 600;
        line-height: 120%;
    }

    .comment-block h4 {
        font-size: 20px;
        font-weight: 600;
        line-height: 120%;
    }

    .article-box {
        padding: 24px;
        border-radius: 8px;
        border: 1px solid #cbcbd9;
        margin-bottom: 24px;
    }

    .article-box:last-child  {
        margin-bottom: 0;
    }

    .article-box .article {
        font-size: 16px;
        font-weight: 400;
        line-height: 150%;
        margin-bottom: 16px;
    }

    .article-box .article p {
        margin-bottom: 1em;
    }

    .article-box .article p:last-child {
        margin-bottom: 0;
    }

    .article-box .article:last-child {
        margin-bottom: 0;
    }

    .article-box .comment {
        padding: 24px;
        background-color: #f6f6fa;
        font-size: 16px;
        font-weight: 400;
        line-height: 150%;
        border-radius: 8px;
    }

    .article-box .comment p {
        margin: 0;
    }

    .article-box .comment ol {
        list-style: auto;
        list-style-position: inside;
    }

    @media (max-width: 1199px) {
        .comment-block .comment-block-title {
            font-size: 16px;
        }

        .comment-block .comment-block-title h2 {
            margin-right: 5px;
        }

        .comment-block h3 {
            font-size: 20px;
        }
        .comment-block h4 {
            font-size: 18px;
        }
    }
</style>

<div class="comment-block cp-block">
    <!-- Chama a ancora e/ou titulo se houver -->
        
    <!-- Bloco de comentario -->
            <div class="article-box">
            <div class="article"><p><strong>Art. 42.</strong> O controlador ou o operador que, em razão do exercício de atividade de tratamento de dados pessoais, causar a outrem dano patrimonial, moral, individual ou coletivo, em violação à legislação de proteção de dados pessoais, é obrigado a repará-lo.</p>
<p>§ 1º A fim de assegurar a efetiva indenização ao titular dos dados:</p>
<p>I &#8211; o operador responde solidariamente pelos danos causados pelo tratamento quando descumprir as obrigações da legislação de proteção de dados ou quando não tiver seguido as instruções lícitas do controlador, hipótese em que o operador equipara-se ao controlador, salvo nos casos de exclusão previstos no art. 43 desta Lei;<br />
II &#8211; os controladores que estiverem diretamente envolvidos no tratamento do qual decorreram danos ao titular dos dados respondem solidariamente, salvo nos casos de exclusão previstos no art. 43 desta Lei.</p>
<p>§ 2º O juiz, no processo civil, poderá inverter o ônus da prova a favor do titular dos dados quando, a seu juízo, for verossímil a alegação, houver hipossuficiência para fins de produção de prova ou quando a produção de prova pelo titular resultar-lhe excessivamente onerosa.</p>
<p>§ 3º As ações de reparação por danos coletivos que tenham por objeto a responsabilização nos termos do caput deste artigo podem ser exercidas coletivamente em juízo, observado o disposto na legislação pertinente.</p>
<p>§ 4º Aquele que reparar o dano ao titular tem direito de regresso contra os demais responsáveis, na medida de sua participação no evento danoso.</p>
</div>
                    </div>
    </div>

<style>
    .comment-block {
        position: relative;
    }
    .comment-block .anchor-target {
        position: absolute;
        top: -200px;
    }
    .comment-block {
        margin-bottom: 40px;
    }
    .comment-block .comment-block-title {
        flex-wrap: wrap;
        font-size: 20px;
        font-weight: 600;
        line-height: 130%;
        color: #1c1e2f;
        margin-bottom: 24px;
    }

    .comment-block .comment-block-title:last-child {
        margin-bottom: 64px;
    }

    .comment-block h3 {
        font-size: 24px;
        font-weight: 600;
        line-height: 120%;
    }

    .comment-block h4 {
        font-size: 20px;
        font-weight: 600;
        line-height: 120%;
    }

    .article-box {
        padding: 24px;
        border-radius: 8px;
        border: 1px solid #cbcbd9;
        margin-bottom: 24px;
    }

    .article-box:last-child  {
        margin-bottom: 0;
    }

    .article-box .article {
        font-size: 16px;
        font-weight: 400;
        line-height: 150%;
        margin-bottom: 16px;
    }

    .article-box .article p {
        margin-bottom: 1em;
    }

    .article-box .article p:last-child {
        margin-bottom: 0;
    }

    .article-box .article:last-child {
        margin-bottom: 0;
    }

    .article-box .comment {
        padding: 24px;
        background-color: #f6f6fa;
        font-size: 16px;
        font-weight: 400;
        line-height: 150%;
        border-radius: 8px;
    }

    .article-box .comment p {
        margin: 0;
    }

    .article-box .comment ol {
        list-style: auto;
        list-style-position: inside;
    }

    @media (max-width: 1199px) {
        .comment-block .comment-block-title {
            font-size: 16px;
        }

        .comment-block .comment-block-title h2 {
            margin-right: 5px;
        }

        .comment-block h3 {
            font-size: 20px;
        }
        .comment-block h4 {
            font-size: 18px;
        }
    }
</style>

<div class="comment-block cp-block">
    <!-- Chama a ancora e/ou titulo se houver -->
        
    <!-- Bloco de comentario -->
            <div class="article-box">
            <div class="article"><p><strong>Art. 43.</strong> Os agentes de tratamento só não serão responsabilizados quando provarem:</p>
<p>I &#8211; que não realizaram o tratamento de dados pessoais que lhes é atribuído;<br />
II &#8211; que, embora tenham realizado o tratamento de dados pessoais que lhes é atribuído, não houve violação à legislação de proteção de dados; ou<br />
III &#8211; que o dano é decorrente de culpa exclusiva do titular dos dados ou de terceiro.</p>
</div>
                    </div>
    </div>

<style>
    .comment-block {
        position: relative;
    }
    .comment-block .anchor-target {
        position: absolute;
        top: -200px;
    }
    .comment-block {
        margin-bottom: 40px;
    }
    .comment-block .comment-block-title {
        flex-wrap: wrap;
        font-size: 20px;
        font-weight: 600;
        line-height: 130%;
        color: #1c1e2f;
        margin-bottom: 24px;
    }

    .comment-block .comment-block-title:last-child {
        margin-bottom: 64px;
    }

    .comment-block h3 {
        font-size: 24px;
        font-weight: 600;
        line-height: 120%;
    }

    .comment-block h4 {
        font-size: 20px;
        font-weight: 600;
        line-height: 120%;
    }

    .article-box {
        padding: 24px;
        border-radius: 8px;
        border: 1px solid #cbcbd9;
        margin-bottom: 24px;
    }

    .article-box:last-child  {
        margin-bottom: 0;
    }

    .article-box .article {
        font-size: 16px;
        font-weight: 400;
        line-height: 150%;
        margin-bottom: 16px;
    }

    .article-box .article p {
        margin-bottom: 1em;
    }

    .article-box .article p:last-child {
        margin-bottom: 0;
    }

    .article-box .article:last-child {
        margin-bottom: 0;
    }

    .article-box .comment {
        padding: 24px;
        background-color: #f6f6fa;
        font-size: 16px;
        font-weight: 400;
        line-height: 150%;
        border-radius: 8px;
    }

    .article-box .comment p {
        margin: 0;
    }

    .article-box .comment ol {
        list-style: auto;
        list-style-position: inside;
    }

    @media (max-width: 1199px) {
        .comment-block .comment-block-title {
            font-size: 16px;
        }

        .comment-block .comment-block-title h2 {
            margin-right: 5px;
        }

        .comment-block h3 {
            font-size: 20px;
        }
        .comment-block h4 {
            font-size: 18px;
        }
    }
</style>

<div class="comment-block cp-block">
    <!-- Chama a ancora e/ou titulo se houver -->
        
    <!-- Bloco de comentario -->
            <div class="article-box">
            <div class="article"><p><strong>Art. 44.</strong> O tratamento de dados pessoais será irregular quando deixar de observar a legislação ou quando não fornecer a segurança que o titular dele pode esperar, consideradas as circunstâncias relevantes, entre as quais:</p>
<p>I &#8211; o modo pelo qual é realizado;<br />
II &#8211; o resultado e os riscos que razoavelmente dele se esperam;<br />
III &#8211; as técnicas de tratamento de dados pessoais disponíveis à época em que foi realizado.</p>
<p>Parágrafo único. Responde pelos danos decorrentes da violação da segurança dos dados o controlador ou o operador que, ao deixar de adotar as medidas de segurança previstas no art. 46 desta Lei, der causa ao dano.</p>
</div>
                    </div>
    </div>

<style>
    .comment-block {
        position: relative;
    }
    .comment-block .anchor-target {
        position: absolute;
        top: -200px;
    }
    .comment-block {
        margin-bottom: 40px;
    }
    .comment-block .comment-block-title {
        flex-wrap: wrap;
        font-size: 20px;
        font-weight: 600;
        line-height: 130%;
        color: #1c1e2f;
        margin-bottom: 24px;
    }

    .comment-block .comment-block-title:last-child {
        margin-bottom: 64px;
    }

    .comment-block h3 {
        font-size: 24px;
        font-weight: 600;
        line-height: 120%;
    }

    .comment-block h4 {
        font-size: 20px;
        font-weight: 600;
        line-height: 120%;
    }

    .article-box {
        padding: 24px;
        border-radius: 8px;
        border: 1px solid #cbcbd9;
        margin-bottom: 24px;
    }

    .article-box:last-child  {
        margin-bottom: 0;
    }

    .article-box .article {
        font-size: 16px;
        font-weight: 400;
        line-height: 150%;
        margin-bottom: 16px;
    }

    .article-box .article p {
        margin-bottom: 1em;
    }

    .article-box .article p:last-child {
        margin-bottom: 0;
    }

    .article-box .article:last-child {
        margin-bottom: 0;
    }

    .article-box .comment {
        padding: 24px;
        background-color: #f6f6fa;
        font-size: 16px;
        font-weight: 400;
        line-height: 150%;
        border-radius: 8px;
    }

    .article-box .comment p {
        margin: 0;
    }

    .article-box .comment ol {
        list-style: auto;
        list-style-position: inside;
    }

    @media (max-width: 1199px) {
        .comment-block .comment-block-title {
            font-size: 16px;
        }

        .comment-block .comment-block-title h2 {
            margin-right: 5px;
        }

        .comment-block h3 {
            font-size: 20px;
        }
        .comment-block h4 {
            font-size: 18px;
        }
    }
</style>

<div class="comment-block cp-block">
    <!-- Chama a ancora e/ou titulo se houver -->
        
    <!-- Bloco de comentario -->
            <div class="article-box">
            <div class="article"><p><strong>Art. 45.</strong> As hipóteses de violação do direito do titular no âmbito das relações de consumo permanecem sujeitas às regras de responsabilidade previstas na legislação pertinente.</p>
</div>
                    </div>
    </div>
