{"id":28497,"date":"2024-06-27T12:17:52","date_gmt":"2024-06-27T15:17:52","guid":{"rendered":"https:\/\/www.aurum.com.br\/blog\/clt-comentado\/art-734-a-735-clt\/"},"modified":"2025-05-19T12:59:12","modified_gmt":"2025-05-19T15:59:12","slug":"art-734-a-735-clt","status":"publish","type":"clt-comentado","link":"https:\/\/www.aurum.com.br\/blog\/clt-comentado\/art-734-a-735-clt\/","title":{"rendered":"Cap\u00edtulo VIII \u2013 Disposi\u00e7\u00f5es Gerais"},"content":{"rendered":"<style>\n    .comment-block {\n        position: relative;\n    }\n    .comment-block .anchor-target {\n        position: absolute;\n        top: -200px;\n    }\n    .comment-block {\n        margin-bottom: 40px;\n    }\n    .comment-block .comment-block-title {\n        flex-wrap: wrap;\n        font-size: 20px;\n        font-weight: 600;\n        line-height: 130%;\n        color: #1c1e2f;\n        margin-bottom: 24px;\n    }\n\n    .comment-block .comment-block-title:last-child {\n        margin-bottom: 64px;\n    }\n\n    .comment-block h3 {\n        font-size: 24px;\n        font-weight: 600;\n        line-height: 120%;\n    }\n\n    .comment-block h4 {\n        font-size: 20px;\n        font-weight: 600;\n        line-height: 120%;\n    }\n\n    .article-box {\n        padding: 24px;\n        border-radius: 8px;\n        border: 1px solid #cbcbd9;\n        margin-bottom: 24px;\n    }\n\n    .article-box:last-child  {\n        margin-bottom: 0;\n    }\n\n    .article-box .article {\n        font-size: 16px;\n        font-weight: 400;\n        line-height: 150%;\n        margin-bottom: 16px;\n    }\n\n    .article-box .article p {\n        margin-bottom: 1em;\n    }\n\n    .article-box .article p:last-child {\n        margin-bottom: 0;\n    }\n\n    .article-box .article:last-child {\n        margin-bottom: 0;\n    }\n\n    .article-box .comment {\n        padding: 24px;\n        background-color: #f6f6fa;\n        font-size: 16px;\n        font-weight: 400;\n        line-height: 150%;\n        border-radius: 8px;\n    }\n\n    .article-box .comment p {\n        margin: 0;\n    }\n\n    .article-box .comment ol {\n        list-style: auto;\n        list-style-position: inside;\n    }\n\n    @media (max-width: 1199px) {\n        .comment-block .comment-block-title {\n            font-size: 16px;\n        }\n\n        .comment-block .comment-block-title h2 {\n            margin-right: 5px;\n        }\n\n        .comment-block h3 {\n            font-size: 20px;\n        }\n        .comment-block h4 {\n            font-size: 18px;\n        }\n    }\n<\/style>\n\n<div class=\"comment-block cp-block\">\n    <!-- Chama a ancora e\/ou titulo se houver -->\n        \n    <!-- Bloco de comentario -->\n            <div class=\"article-box\">\n            <div class=\"article\"><p><strong>Art. 734.<\/strong> O ministro do Trabalho, Industria e Comercio, poder\u00e1 rever, ex-officio, dentro do prazo de 30 (trinta) dias, contados de sua publica\u00e7\u00e3o no \u00f3rg\u00e3o oficial, ou mediante representa\u00e7\u00e3o apresentada dentro de igual prazo:<\/p>\n<p>a) as decis\u00f5es da C\u00e2mara da Previd\u00eancia Social, quando proferidas pelo voto de desempate, ou que violarem disposi\u00e7\u00f5es expressas de direito ou modificarem jurisprud\u00eancia at\u00e9 ent\u00e3o observada;<br \/>\nb) as decis\u00f5es do presidente do Tribunal Nacional do Trabalho em mat\u00e9ria de previd\u00eancia social.<\/p>\n<p>Par\u00e1grafo \u00fanico. O ministro do Trabalho, Industria e Comercio, poder\u00e1 avocar ao seu conhecimento os assuntos de natureza administrativa referentes \u00e0s institui\u00e7\u00f5es de previd\u00eancia social, sempre que houver interesse p\u00fablico.<\/p>\n<\/div>\n                    <\/div>\n    <\/div>\n\n<style>\n    .comment-block {\n        position: relative;\n    }\n    .comment-block .anchor-target {\n        position: absolute;\n        top: -200px;\n    }\n    .comment-block {\n        margin-bottom: 40px;\n    }\n    .comment-block .comment-block-title {\n        flex-wrap: wrap;\n        font-size: 20px;\n        font-weight: 600;\n        line-height: 130%;\n        color: #1c1e2f;\n        margin-bottom: 24px;\n    }\n\n    .comment-block .comment-block-title:last-child {\n        margin-bottom: 64px;\n    }\n\n    .comment-block h3 {\n        font-size: 24px;\n        font-weight: 600;\n        line-height: 120%;\n    }\n\n    .comment-block h4 {\n        font-size: 20px;\n        font-weight: 600;\n        line-height: 120%;\n    }\n\n    .article-box {\n        padding: 24px;\n        border-radius: 8px;\n        border: 1px solid #cbcbd9;\n        margin-bottom: 24px;\n    }\n\n    .article-box:last-child  {\n        margin-bottom: 0;\n    }\n\n    .article-box .article {\n        font-size: 16px;\n        font-weight: 400;\n        line-height: 150%;\n        margin-bottom: 16px;\n    }\n\n    .article-box .article p {\n        margin-bottom: 1em;\n    }\n\n    .article-box .article p:last-child {\n        margin-bottom: 0;\n    }\n\n    .article-box .article:last-child {\n        margin-bottom: 0;\n    }\n\n    .article-box .comment {\n        padding: 24px;\n        background-color: #f6f6fa;\n        font-size: 16px;\n        font-weight: 400;\n        line-height: 150%;\n        border-radius: 8px;\n    }\n\n    .article-box .comment p {\n        margin: 0;\n    }\n\n    .article-box .comment ol {\n        list-style: auto;\n        list-style-position: inside;\n    }\n\n    @media (max-width: 1199px) {\n        .comment-block .comment-block-title {\n            font-size: 16px;\n        }\n\n        .comment-block .comment-block-title h2 {\n            margin-right: 5px;\n        }\n\n        .comment-block h3 {\n            font-size: 20px;\n        }\n        .comment-block h4 {\n            font-size: 18px;\n        }\n    }\n<\/style>\n\n<div class=\"comment-block cp-block\">\n    <!-- Chama a ancora e\/ou titulo se houver -->\n        \n    <!-- Bloco de comentario -->\n            <div class=\"article-box\">\n            <div class=\"article\"><p><strong>Art. 735.<\/strong> As reparti\u00e7\u00f5es p\u00fablicas e as associa\u00e7\u00f5es sindicais s\u00e3o obrigadas a fornecer aos Ju\u00edzes e Tribunais do Trabalho e \u00e0 Procuradoria da Justi\u00e7a do Trabalho as informa\u00e7\u00f5es e os dados necess\u00e1rios \u00e0 instru\u00e7\u00e3o e ao julgamento dos feitos submetidos \u00e0 sua aprecia\u00e7\u00e3o.<\/p>\n<p>Par\u00e1grafo \u00fanico. A recusa de informa\u00e7\u00f5es ou dados a que se refere este artigo, por parte de funcion\u00e1rios p\u00fablicos, importa na aplica\u00e7\u00e3o das penalidades previstas pelo Estatuto dos Funcion\u00e1rios P\u00fablicos por desobedi\u00eancia.<\/p>\n<\/div>\n                    <\/div>\n    <\/div>","protected":false},"excerpt":{"rendered":"","protected":false},"author":7,"featured_media":0,"comment_status":"open","ping_status":"open","template":"","cat-clt":[574,566],"class_list":["post-28497","clt-comentado","type-clt-comentado","status-publish","hentry","cat-clt-capitulo-viii-titulo-viii","cat-clt-titulo-viii"],"acf":[],"_links":{"self":[{"href":"https:\/\/www.aurum.com.br\/blog\/wp-json\/wp\/v2\/clt-comentado\/28497","targetHints":{"allow":["GET"]}}],"collection":[{"href":"https:\/\/www.aurum.com.br\/blog\/wp-json\/wp\/v2\/clt-comentado"}],"about":[{"href":"https:\/\/www.aurum.com.br\/blog\/wp-json\/wp\/v2\/types\/clt-comentado"}],"author":[{"embeddable":true,"href":"https:\/\/www.aurum.com.br\/blog\/wp-json\/wp\/v2\/users\/7"}],"replies":[{"embeddable":true,"href":"https:\/\/www.aurum.com.br\/blog\/wp-json\/wp\/v2\/comments?post=28497"}],"wp:attachment":[{"href":"https:\/\/www.aurum.com.br\/blog\/wp-json\/wp\/v2\/media?parent=28497"}],"wp:term":[{"taxonomy":"cat-clt","embeddable":true,"href":"https:\/\/www.aurum.com.br\/blog\/wp-json\/wp\/v2\/cat-clt?post=28497"}],"curies":[{"name":"wp","href":"https:\/\/api.w.org\/{rel}","templated":true}]}}

Capítulo VIII – Disposições Gerais

<style>
    .comment-block {
        position: relative;
    }
    .comment-block .anchor-target {
        position: absolute;
        top: -200px;
    }
    .comment-block {
        margin-bottom: 40px;
    }
    .comment-block .comment-block-title {
        flex-wrap: wrap;
        font-size: 20px;
        font-weight: 600;
        line-height: 130%;
        color: #1c1e2f;
        margin-bottom: 24px;
    }

    .comment-block .comment-block-title:last-child {
        margin-bottom: 64px;
    }

    .comment-block h3 {
        font-size: 24px;
        font-weight: 600;
        line-height: 120%;
    }

    .comment-block h4 {
        font-size: 20px;
        font-weight: 600;
        line-height: 120%;
    }

    .article-box {
        padding: 24px;
        border-radius: 8px;
        border: 1px solid #cbcbd9;
        margin-bottom: 24px;
    }

    .article-box:last-child  {
        margin-bottom: 0;
    }

    .article-box .article {
        font-size: 16px;
        font-weight: 400;
        line-height: 150%;
        margin-bottom: 16px;
    }

    .article-box .article p {
        margin-bottom: 1em;
    }

    .article-box .article p:last-child {
        margin-bottom: 0;
    }

    .article-box .article:last-child {
        margin-bottom: 0;
    }

    .article-box .comment {
        padding: 24px;
        background-color: #f6f6fa;
        font-size: 16px;
        font-weight: 400;
        line-height: 150%;
        border-radius: 8px;
    }

    .article-box .comment p {
        margin: 0;
    }

    .article-box .comment ol {
        list-style: auto;
        list-style-position: inside;
    }

    @media (max-width: 1199px) {
        .comment-block .comment-block-title {
            font-size: 16px;
        }

        .comment-block .comment-block-title h2 {
            margin-right: 5px;
        }

        .comment-block h3 {
            font-size: 20px;
        }
        .comment-block h4 {
            font-size: 18px;
        }
    }
</style>

<div class="comment-block cp-block">
    <!-- Chama a ancora e/ou titulo se houver -->
        
    <!-- Bloco de comentario -->
            <div class="article-box">
            <div class="article"><p><strong>Art. 734.</strong> O ministro do Trabalho, Industria e Comercio, poderá rever, ex-officio, dentro do prazo de 30 (trinta) dias, contados de sua publicação no órgão oficial, ou mediante representação apresentada dentro de igual prazo:</p>
<p>a) as decisões da Câmara da Previdência Social, quando proferidas pelo voto de desempate, ou que violarem disposições expressas de direito ou modificarem jurisprudência até então observada;<br />
b) as decisões do presidente do Tribunal Nacional do Trabalho em matéria de previdência social.</p>
<p>Parágrafo único. O ministro do Trabalho, Industria e Comercio, poderá avocar ao seu conhecimento os assuntos de natureza administrativa referentes às instituições de previdência social, sempre que houver interesse público.</p>
</div>
                    </div>
    </div>

<style>
    .comment-block {
        position: relative;
    }
    .comment-block .anchor-target {
        position: absolute;
        top: -200px;
    }
    .comment-block {
        margin-bottom: 40px;
    }
    .comment-block .comment-block-title {
        flex-wrap: wrap;
        font-size: 20px;
        font-weight: 600;
        line-height: 130%;
        color: #1c1e2f;
        margin-bottom: 24px;
    }

    .comment-block .comment-block-title:last-child {
        margin-bottom: 64px;
    }

    .comment-block h3 {
        font-size: 24px;
        font-weight: 600;
        line-height: 120%;
    }

    .comment-block h4 {
        font-size: 20px;
        font-weight: 600;
        line-height: 120%;
    }

    .article-box {
        padding: 24px;
        border-radius: 8px;
        border: 1px solid #cbcbd9;
        margin-bottom: 24px;
    }

    .article-box:last-child  {
        margin-bottom: 0;
    }

    .article-box .article {
        font-size: 16px;
        font-weight: 400;
        line-height: 150%;
        margin-bottom: 16px;
    }

    .article-box .article p {
        margin-bottom: 1em;
    }

    .article-box .article p:last-child {
        margin-bottom: 0;
    }

    .article-box .article:last-child {
        margin-bottom: 0;
    }

    .article-box .comment {
        padding: 24px;
        background-color: #f6f6fa;
        font-size: 16px;
        font-weight: 400;
        line-height: 150%;
        border-radius: 8px;
    }

    .article-box .comment p {
        margin: 0;
    }

    .article-box .comment ol {
        list-style: auto;
        list-style-position: inside;
    }

    @media (max-width: 1199px) {
        .comment-block .comment-block-title {
            font-size: 16px;
        }

        .comment-block .comment-block-title h2 {
            margin-right: 5px;
        }

        .comment-block h3 {
            font-size: 20px;
        }
        .comment-block h4 {
            font-size: 18px;
        }
    }
</style>

<div class="comment-block cp-block">
    <!-- Chama a ancora e/ou titulo se houver -->
        
    <!-- Bloco de comentario -->
            <div class="article-box">
            <div class="article"><p><strong>Art. 735.</strong> As repartições públicas e as associações sindicais são obrigadas a fornecer aos Juízes e Tribunais do Trabalho e à Procuradoria da Justiça do Trabalho as informações e os dados necessários à instrução e ao julgamento dos feitos submetidos à sua apreciação.</p>
<p>Parágrafo único. A recusa de informações ou dados a que se refere este artigo, por parte de funcionários públicos, importa na aplicação das penalidades previstas pelo Estatuto dos Funcionários Públicos por desobediência.</p>
</div>
                    </div>
    </div>
