{"id":28476,"date":"2024-06-27T12:17:48","date_gmt":"2024-06-27T15:17:48","guid":{"rendered":"https:\/\/www.aurum.com.br\/blog\/clt-comentado\/art-668-a-669-clt\/"},"modified":"2025-05-18T20:34:32","modified_gmt":"2025-05-18T23:34:32","slug":"art-668-a-669-clt","status":"publish","type":"clt-comentado","link":"https:\/\/www.aurum.com.br\/blog\/clt-comentado\/art-668-a-669-clt\/","title":{"rendered":"Cap\u00edtulo III \u2013 Dos Ju\u00edzos De Direito"},"content":{"rendered":"<style>\n    .comment-block {\n        position: relative;\n    }\n    .comment-block .anchor-target {\n        position: absolute;\n        top: -200px;\n    }\n    .comment-block {\n        margin-bottom: 40px;\n    }\n    .comment-block .comment-block-title {\n        flex-wrap: wrap;\n        font-size: 20px;\n        font-weight: 600;\n        line-height: 130%;\n        color: #1c1e2f;\n        margin-bottom: 24px;\n    }\n\n    .comment-block .comment-block-title:last-child {\n        margin-bottom: 64px;\n    }\n\n    .comment-block h3 {\n        font-size: 24px;\n        font-weight: 600;\n        line-height: 120%;\n    }\n\n    .comment-block h4 {\n        font-size: 20px;\n        font-weight: 600;\n        line-height: 120%;\n    }\n\n    .article-box {\n        padding: 24px;\n        border-radius: 8px;\n        border: 1px solid #cbcbd9;\n        margin-bottom: 24px;\n    }\n\n    .article-box:last-child  {\n        margin-bottom: 0;\n    }\n\n    .article-box .article {\n        font-size: 16px;\n        font-weight: 400;\n        line-height: 150%;\n        margin-bottom: 16px;\n    }\n\n    .article-box .article p {\n        margin-bottom: 1em;\n    }\n\n    .article-box .article p:last-child {\n        margin-bottom: 0;\n    }\n\n    .article-box .article:last-child {\n        margin-bottom: 0;\n    }\n\n    .article-box .comment {\n        padding: 24px;\n        background-color: #f6f6fa;\n        font-size: 16px;\n        font-weight: 400;\n        line-height: 150%;\n        border-radius: 8px;\n    }\n\n    .article-box .comment p {\n        margin: 0;\n    }\n\n    .article-box .comment ol {\n        list-style: auto;\n        list-style-position: inside;\n    }\n\n    @media (max-width: 1199px) {\n        .comment-block .comment-block-title {\n            font-size: 16px;\n        }\n\n        .comment-block .comment-block-title h2 {\n            margin-right: 5px;\n        }\n\n        .comment-block h3 {\n            font-size: 20px;\n        }\n        .comment-block h4 {\n            font-size: 18px;\n        }\n    }\n<\/style>\n\n<div class=\"comment-block cp-block\">\n    <!-- Chama a ancora e\/ou titulo se houver -->\n        \n    <!-- Bloco de comentario -->\n            <div class=\"article-box\">\n            <div class=\"article\"><p><strong>Art. 668.<\/strong> Nas localidades n\u00e3o compreendidas na jurisdi\u00e7\u00e3o das Juntas de Concilia\u00e7\u00e3o e Julgamento, os Ju\u00edzos de Direito s\u00e3o os \u00f3rg\u00e3os de administra\u00e7\u00e3o da Justi\u00e7a do Trabalho, com a jurisdi\u00e7\u00e3o que lhes for determinada pela lei de organiza\u00e7\u00e3o judici\u00e1ria local.<\/p>\n<\/div>\n                    <\/div>\n    <\/div>\n\n<style>\n    .comment-block {\n        position: relative;\n    }\n    .comment-block .anchor-target {\n        position: absolute;\n        top: -200px;\n    }\n    .comment-block {\n        margin-bottom: 40px;\n    }\n    .comment-block .comment-block-title {\n        flex-wrap: wrap;\n        font-size: 20px;\n        font-weight: 600;\n        line-height: 130%;\n        color: #1c1e2f;\n        margin-bottom: 24px;\n    }\n\n    .comment-block .comment-block-title:last-child {\n        margin-bottom: 64px;\n    }\n\n    .comment-block h3 {\n        font-size: 24px;\n        font-weight: 600;\n        line-height: 120%;\n    }\n\n    .comment-block h4 {\n        font-size: 20px;\n        font-weight: 600;\n        line-height: 120%;\n    }\n\n    .article-box {\n        padding: 24px;\n        border-radius: 8px;\n        border: 1px solid #cbcbd9;\n        margin-bottom: 24px;\n    }\n\n    .article-box:last-child  {\n        margin-bottom: 0;\n    }\n\n    .article-box .article {\n        font-size: 16px;\n        font-weight: 400;\n        line-height: 150%;\n        margin-bottom: 16px;\n    }\n\n    .article-box .article p {\n        margin-bottom: 1em;\n    }\n\n    .article-box .article p:last-child {\n        margin-bottom: 0;\n    }\n\n    .article-box .article:last-child {\n        margin-bottom: 0;\n    }\n\n    .article-box .comment {\n        padding: 24px;\n        background-color: #f6f6fa;\n        font-size: 16px;\n        font-weight: 400;\n        line-height: 150%;\n        border-radius: 8px;\n    }\n\n    .article-box .comment p {\n        margin: 0;\n    }\n\n    .article-box .comment ol {\n        list-style: auto;\n        list-style-position: inside;\n    }\n\n    @media (max-width: 1199px) {\n        .comment-block .comment-block-title {\n            font-size: 16px;\n        }\n\n        .comment-block .comment-block-title h2 {\n            margin-right: 5px;\n        }\n\n        .comment-block h3 {\n            font-size: 20px;\n        }\n        .comment-block h4 {\n            font-size: 18px;\n        }\n    }\n<\/style>\n\n<div class=\"comment-block cp-block\">\n    <!-- Chama a ancora e\/ou titulo se houver -->\n        \n    <!-- Bloco de comentario -->\n            <div class=\"article-box\">\n            <div class=\"article\"><p><strong>Art. 669.<\/strong> A compet\u00eancia dos Ju\u00edzos de Direito, quando investidos na administra\u00e7\u00e3o da Justi\u00e7a do Trabalho, \u00e9 a mesma das Juntas de Concilia\u00e7\u00e3o e Julgamento, na forma da Se\u00e7\u00e3o II do Cap\u00edtulo II.<\/p>\n<p>\u00a7 1\u00ba Nas localidades onde houver mais de um Ju\u00edzo de Direito a compet\u00eancia \u00e9 determinada, entre os Ju\u00edzes do C\u00edvel, por distribui\u00e7\u00e3o ou pela divis\u00e3o judici\u00e1ria local, na conformidade da lei de organiza\u00e7\u00e3o respectiva.<\/p>\n<p>\u00a7 2\u00ba Quando o crit\u00e9rio de compet\u00eancia da lei de organiza\u00e7\u00e3o judici\u00e1ria for diverso do previsto no par\u00e1grafo anterior, ser\u00e1 competente o Juiz do C\u00edvel mais antigo.<\/p>\n<\/div>\n                    <\/div>\n    <\/div>","protected":false},"excerpt":{"rendered":"","protected":false},"author":7,"featured_media":0,"comment_status":"open","ping_status":"open","template":"","cat-clt":[569],"class_list":["post-28476","clt-comentado","type-clt-comentado","status-publish","hentry","cat-clt-capitulo-iii-titulo-viii"],"acf":[],"_links":{"self":[{"href":"https:\/\/www.aurum.com.br\/blog\/wp-json\/wp\/v2\/clt-comentado\/28476","targetHints":{"allow":["GET"]}}],"collection":[{"href":"https:\/\/www.aurum.com.br\/blog\/wp-json\/wp\/v2\/clt-comentado"}],"about":[{"href":"https:\/\/www.aurum.com.br\/blog\/wp-json\/wp\/v2\/types\/clt-comentado"}],"author":[{"embeddable":true,"href":"https:\/\/www.aurum.com.br\/blog\/wp-json\/wp\/v2\/users\/7"}],"replies":[{"embeddable":true,"href":"https:\/\/www.aurum.com.br\/blog\/wp-json\/wp\/v2\/comments?post=28476"}],"wp:attachment":[{"href":"https:\/\/www.aurum.com.br\/blog\/wp-json\/wp\/v2\/media?parent=28476"}],"wp:term":[{"taxonomy":"cat-clt","embeddable":true,"href":"https:\/\/www.aurum.com.br\/blog\/wp-json\/wp\/v2\/cat-clt?post=28476"}],"curies":[{"name":"wp","href":"https:\/\/api.w.org\/{rel}","templated":true}]}}

Capítulo III – Dos Juízos De Direito

<style>
    .comment-block {
        position: relative;
    }
    .comment-block .anchor-target {
        position: absolute;
        top: -200px;
    }
    .comment-block {
        margin-bottom: 40px;
    }
    .comment-block .comment-block-title {
        flex-wrap: wrap;
        font-size: 20px;
        font-weight: 600;
        line-height: 130%;
        color: #1c1e2f;
        margin-bottom: 24px;
    }

    .comment-block .comment-block-title:last-child {
        margin-bottom: 64px;
    }

    .comment-block h3 {
        font-size: 24px;
        font-weight: 600;
        line-height: 120%;
    }

    .comment-block h4 {
        font-size: 20px;
        font-weight: 600;
        line-height: 120%;
    }

    .article-box {
        padding: 24px;
        border-radius: 8px;
        border: 1px solid #cbcbd9;
        margin-bottom: 24px;
    }

    .article-box:last-child  {
        margin-bottom: 0;
    }

    .article-box .article {
        font-size: 16px;
        font-weight: 400;
        line-height: 150%;
        margin-bottom: 16px;
    }

    .article-box .article p {
        margin-bottom: 1em;
    }

    .article-box .article p:last-child {
        margin-bottom: 0;
    }

    .article-box .article:last-child {
        margin-bottom: 0;
    }

    .article-box .comment {
        padding: 24px;
        background-color: #f6f6fa;
        font-size: 16px;
        font-weight: 400;
        line-height: 150%;
        border-radius: 8px;
    }

    .article-box .comment p {
        margin: 0;
    }

    .article-box .comment ol {
        list-style: auto;
        list-style-position: inside;
    }

    @media (max-width: 1199px) {
        .comment-block .comment-block-title {
            font-size: 16px;
        }

        .comment-block .comment-block-title h2 {
            margin-right: 5px;
        }

        .comment-block h3 {
            font-size: 20px;
        }
        .comment-block h4 {
            font-size: 18px;
        }
    }
</style>

<div class="comment-block cp-block">
    <!-- Chama a ancora e/ou titulo se houver -->
        
    <!-- Bloco de comentario -->
            <div class="article-box">
            <div class="article"><p><strong>Art. 668.</strong> Nas localidades não compreendidas na jurisdição das Juntas de Conciliação e Julgamento, os Juízos de Direito são os órgãos de administração da Justiça do Trabalho, com a jurisdição que lhes for determinada pela lei de organização judiciária local.</p>
</div>
                    </div>
    </div>

<style>
    .comment-block {
        position: relative;
    }
    .comment-block .anchor-target {
        position: absolute;
        top: -200px;
    }
    .comment-block {
        margin-bottom: 40px;
    }
    .comment-block .comment-block-title {
        flex-wrap: wrap;
        font-size: 20px;
        font-weight: 600;
        line-height: 130%;
        color: #1c1e2f;
        margin-bottom: 24px;
    }

    .comment-block .comment-block-title:last-child {
        margin-bottom: 64px;
    }

    .comment-block h3 {
        font-size: 24px;
        font-weight: 600;
        line-height: 120%;
    }

    .comment-block h4 {
        font-size: 20px;
        font-weight: 600;
        line-height: 120%;
    }

    .article-box {
        padding: 24px;
        border-radius: 8px;
        border: 1px solid #cbcbd9;
        margin-bottom: 24px;
    }

    .article-box:last-child  {
        margin-bottom: 0;
    }

    .article-box .article {
        font-size: 16px;
        font-weight: 400;
        line-height: 150%;
        margin-bottom: 16px;
    }

    .article-box .article p {
        margin-bottom: 1em;
    }

    .article-box .article p:last-child {
        margin-bottom: 0;
    }

    .article-box .article:last-child {
        margin-bottom: 0;
    }

    .article-box .comment {
        padding: 24px;
        background-color: #f6f6fa;
        font-size: 16px;
        font-weight: 400;
        line-height: 150%;
        border-radius: 8px;
    }

    .article-box .comment p {
        margin: 0;
    }

    .article-box .comment ol {
        list-style: auto;
        list-style-position: inside;
    }

    @media (max-width: 1199px) {
        .comment-block .comment-block-title {
            font-size: 16px;
        }

        .comment-block .comment-block-title h2 {
            margin-right: 5px;
        }

        .comment-block h3 {
            font-size: 20px;
        }
        .comment-block h4 {
            font-size: 18px;
        }
    }
</style>

<div class="comment-block cp-block">
    <!-- Chama a ancora e/ou titulo se houver -->
        
    <!-- Bloco de comentario -->
            <div class="article-box">
            <div class="article"><p><strong>Art. 669.</strong> A competência dos Juízos de Direito, quando investidos na administração da Justiça do Trabalho, é a mesma das Juntas de Conciliação e Julgamento, na forma da Seção II do Capítulo II.</p>
<p>§ 1º Nas localidades onde houver mais de um Juízo de Direito a competência é determinada, entre os Juízes do Cível, por distribuição ou pela divisão judiciária local, na conformidade da lei de organização respectiva.</p>
<p>§ 2º Quando o critério de competência da lei de organização judiciária for diverso do previsto no parágrafo anterior, será competente o Juiz do Cível mais antigo.</p>
</div>
                    </div>
    </div>
